60 - 2*y + 16*y**2. Determine v(x).
-8
Let x(u) be the second derivative of -67*u**4/12 + u**3/6 - u**2/2 - 3971*u. Give x(1).
-67
Let p(l) = -23*l**2 + 27*l - 6. Let t(d) = -19*d**2 + 21*d - 7. Let o(j) = 5*p(j) - 6*t(j). Determine o(10).
2
Let g(d) = d + 1. Let j(b) be the first derivative of 3*b**2/2 - 14*b - 61. Let i be j(2). Give g(i).
-7
Let m be (-13)/((3 + -1)/(-10)). Let y = m - 53. Suppose -11*p + 13 = -y*p. Let v(s) = s**3 + 14*s**2 + 13*s + 4. Determine v(p).
4
Let w = 6164 + -6184. Let z(m) = 3*m + 38. Calculate z(w).
-22
Let b(y) be the third derivative of -y**5/20 - y**4/4 - 19*y**3/6 + 62*y**2 - 3*y + 3. Give b(-4).
-43
Let r be (-4)/(-12)*(-1 - -1). Suppose -x = -3*i + 10, -2*i - 7 + 23 = 4*x. Let f(v) = -5*v**2 + 0*v**2 + v + 6 + v**x + 3*v**2. What is f(r)?
6
Let s(c) = 3 + 23*c - 2 + 6 - c**3 - 14*c + 9*c**2. Let a = -232 - -242. Give s(a).
-3
Suppose -n + 9 = -4*n. Let o(q) = 295675 + 0*q - q - 295672. Determine o(n).
6
Suppose 31 = 5*d + 21. Suppose -12 = -2*f + 2*h, d*h + 3 = -f - 3. Let s(c) = f*c - 5*c + 4*c - 17 + 5. Give s(8).
-4
Let f(p) = -5*p - 24. Suppose 66*y = -82*y. What is f(y)?
-24
Let l(j) be the second derivative of j**7/2520 - j**6/80 - j**5/15 + j**4/3 - j**2/2 - 2*j - 2. Let h(r) be the third derivative of l(r). Determine h(8).
-16
Let b(f) = -f**2 + 7*f + 7. Let v = 978 + -971. Determine b(v).
7
Suppose 10*o + 111 = 141. Suppose 13 = o*y + p, 13*y - 12*y - 3*p + 9 = 0. Let n(h) = 3*h**2 - 3*h - 4. Determine n(y).
14
Let m = 174 + -172. Let b(l) = 2376 + 4*l - 2377 - l**2 - l**3 + 0*l**m. Let j(a) = -2*a**2 - 1. Let f be j(-1). Give b(f).
5
Let b(f) = 21*f**3 + 11*f**2 - 27*f + 12. Let h(z) = -47*z**3 - 25*z**2 + 55*z - 23. Let v(y) = 9*b(y) + 4*h(y). Calculate v(5).
1
Let p(w) = -811*w + 821*w + 3 + 6 + 12*w**2 - w**3. What is p(13)?
-30
Suppose g + 61 = 47. Let l = g - -6. Let d(m) = 2*m + 6. What is d(l)?
-10
Let y(x) = -x**2 + 7*x + 7. Let a be (-2 - 45/(-6))/(2/(-36)). Let z = -165 - a. Let c be (2 - z/(-24)) + (-62)/(-8). Calculate y(c).
7
Let o(j) = 15*j - 1. Suppose -3*z - 10 - 161 = 0. Let h = z + 60. Suppose -9 = -h*q + 3*p, q - 11 = -0*p + 3*p. Determine o(q).
-16
Let b(l) be the first derivative of -l**4/4 - 3*l**3 + 7*l**2 + 14*l + 1836. Suppose 2*m + 50 = -3*m. Give b(m).
-26
Let w be (1 - (-1 - 32/(-10))) + (-47253)/12435. Let v(x) = -3*x - 43. Give v(w).
-28
Let b(i) = -15*i - 18. Let m(v) = 4*v - 1. Let q(s) = b(s) + 4*m(s). Determine q(15).
-7
Let k(g) = g**2 - 6*g - 10. Suppose 0 = -13*s + 2 + 24. Suppose -s*r + 3*r - 2*y = 4, 3 = 2*r + y. Let n be 13/r - (-60)/40. Calculate k(n).
6
Let y(s) = s**2 + 6*s + 7. Let q = 48 - 50. Let l be y(q). Let p(f) be the first derivative of -10*f**3/3 + f - 113. What is p(l)?
-9
Suppose -k - 4*k = 0. Let n(d) = d**2 + 3*d. Let r(q) = q**2 + 4*q - 1. Suppose 51*o + 24 = 57*o. Let v(f) = o*n(f) - 3*r(f). Determine v(k).
3
Let g(c) = c**2 - 7*c - 7. Suppose 3*x + p - 33 = 44, 5*x - 95 = 5*p. Let u = 2 + x. Suppose -m - u = -3*t, 4*t = 2*t - 2*m + 4. Give g(t).
-7
Suppose 0 = 5*h + 4*j - 32, -h + 6*h = 2*j + 14. Suppose -y = z + h*y + 23, -z - y = 3. Suppose 0 = 5*n - z*n + 6. Let f(v) = 5*v**2 - 2. Determine f(n).
18
Let d(o) = 2*o**3 - 27*o**2 - 7*o + 21. Let i(b) = 3*b**3 - 38*b**2 - 12*b + 32. Let t(p) = -10*d(p) + 7*i(p). Calculate t(-6).
26
Let i(d) = -69*d + 0 - 71*d - 62*d - 64*d + 1 + 264*d - d**3. Suppose 5*o - 2 = 2*m, -4*m - 4 = -o - 0*o. Suppose -3*w + o*w - 6 = 0. What is i(w)?
13
Suppose -3*p = m + 66, 3*m + 66 = 2*p - 44. Let s(d) = 2*d + 102. Calculate s(m).
18
Let x(v) = 4. Let p(f) = -38*f + 5 + 0*f + 0 + 37*f. Let m(y) = -p(y) - 3*x(y). Determine m(16).
-1
Let k be 270/15*24/108. Suppose 0 = -0*q + 2*q - 2. Let t(m) = q + 0 - m - 3. Determine t(k).
-6
Let o(f) = f**2 + 21*f - 36. Suppose 76*x + 1081 = 29*x. What is o(x)?
10
Let c(z) = -17*z + 18*z - 14 - 3. Let n be ((-2)/(-5))/(2*1/(-110)). Let f = n - -31. Calculate c(f).
-8
Let b(t) = -3*t**3 + 2*t**3 + 2*t**3 - 7*t**2. Suppose 85*u - 267135 + 266540 = 0. What is b(u)?
0
Let k(i) be the second derivative of i**5/20 + 7*i**4/12 - i**3/3 - 23*i**2/2 - 19*i. What is k(-7)?
-9
Let r(d) be the first derivative of 7/3*d**3 + 3/2*d**2 + 14 + 1/4*d**4 + 0*d. Calculate r(-6).
18
Let x(c) = -2*c**2 - 3*c - 6. Let z be x(-2). Let a(h) = -h**2 + h. Let p(o) = -7*o**2 - 4*o - 8. Let v(g) = 6*a(g) - p(g). Determine v(z).
-8
Let q(v) = -v**3 - 12*v**2 + 12*v + 15. Suppose -36*w + 1469 = -149*w. Give q(w).
28
Let u = -124 + 106. Let g be ((-16)/(-20))/(-4) - u/15. Let d(w) = -2*w**3 - w**2 + 3*w - 2. What is d(g)?
-2
Suppose 4*g = 4*y + 40, -4*y - 10 = -g + 3*g. Let x(a) be the first derivative of 338 - 4*a - 1/2*a**2. Give x(y).
1
Let x(g) = -17. Let w(h) = -9*h - 349. Let v(j) = -w(j) + 6*x(j). Calculate v(-29).
-14
Let q(l) = -2 + 1 - 3*l - 6 + 0. Let c(b) = 3*b + 3. Let o be (-3)/5 - 72/30. Let d be c(o). What is q(d)?
11
Let m(n) = 33*n - 226. Let f(o) = 16*o - 85. Let t(i) = -5*f(i) + 2*m(i). Calculate t(-5).
43
Let z(r) = -12*r**3 - 4*r**2 - 14. Let b(t) = -17*t**3 - 6*t**2 - 21. Suppose 5*d = 3*w - 35, 5*d + 4*w = -18 - 17. Let c(u) = d*z(u) + 5*b(u). Calculate c(0).
-7
Suppose -27 = 9*i - 0*i. Let p be 4 - (10 + -4) - i. Let k(n) = 16*n. Determine k(p).
16
Let c be (-126)/(-33) + (-4)/(-22). Let g(s) be the third derivative of s**5/30 - s**4/3 - s**3 - 284*s**2 - 1. Give g(c).
-6
Let p = 52 - 38. Suppose 0 = 5*v + p - 144. Let t be 4/6*195/v. Let r(x) = -x**3 + 5*x**2 - 3*x + 4. Determine r(t).
-11
Let b = 23 + -18. Let y(u) = -7*u + 16. Let p be y(-2). Suppose -p - 10 = -b*m. Let g(z) = z**3 - 7*z**2 - 7*z + 1. Calculate g(m).
9
Let g(n) be the second derivative of n**6/240 - n**5/40 + 107*n**4/12 - n + 40. Let p(z) be the third derivative of g(z). What is p(-6)?
-21
Let c = 25439 - 25450. Let h(j) = -2*j**2 - 25*j - 27. Give h(c).
6
Let d = -111 - -122. Suppose 2*f - d = 1. Let h(t) = -t**3 + 5*t**2 + 5*t - 8. Give h(f).
-14
Let k(m) = -1 + 58*m**2 - m - 1 - 60*m**2 - m. Let x be k(-2). Let a(i) = 2*i**2 + 8*i - 13. Let s be a(x). Let l(t) = -t + 15. Calculate l(s).
4
Suppose 44*v + 123 - 123 = 0. Let i(r) = r**3 - r**2 - 1. Give i(v).
-1
Let v(l) = 37*l - 25. Let b(n) = -48*n + 38. Let u(a) = -5*b(a) - 7*v(a). Determine u(-7).
118
Let s(r) be the third derivative of r**5/24 + r**4/24 - 19*r**3/2 + 30*r**2 - 2*r. Let u(z) be the first derivative of s(z). Give u(1).
6
Let r = -7 - -1. Let x = 8 + r. Let y(h) = -h**2 + 1 + 43*h - 2 - 40*h. Give y(x).
1
Let z(r) = -73 + 41 + 29 - 15*r - 6*r**2 + r**3. Let o be 42/5 + 2/(-5). Let s be z(o). Let y(u) = -u**3 + 5*u**2 + u - 5. Give y(s).
0
Let o(v) be the second derivative of v**5/120 + 7*v**4/24 - 119*v**3/6 - 13*v. Let p(l) be the second derivative of o(l). Calculate p(-3).
4
Let v(o) be the third derivative of 7*o**4/12 + 11*o**3/6 - o**2 - 4*o - 57. Determine v(5).
81
Suppose 5*x + 10 = 2*y + 7*x, 5*y = 4*x + 43. Suppose y = -3*a + 13. Let h(w) = 12*w**2 - 5*w + 9*w**a - 20*w**2 - 5. Calculate h(6).
1
Let x be 45/5*(1 + (-3 - -4)). Let m(z) = -8*z - 24*z**2 - 26*z**2 - x*z**2 + 67*z**2 - 5. Determine m(-7).
2
Let r(i) = i**2 - 3*i + 2. Let o be (450 - (0 + 0)) + -2. Let l be -2 - (3/(-9) - o/6). Let v = l + -71. Give r(v).
0
Let z = 15 + -26. Let o(r) = 23 + 11 + 22 - 2*r**2 - 22*r - 83 + 18. Give o(z).
-9
Let t(y) = 6 + 4479*y - 4*y**3 - 4479*y - 2*y**2. Calculate t(2).
-34
Let r(k) = 5*k**2 - 14*k - 19. Let h(i) = 11*i**2 + 259 - 297 - 5*i - 23*i. Let y(s) = -6*h(s) + 13*r(s). Determine y(-13).
-6
Suppose -4*b - 3*b = -49. Let g(p) = p + 1. Let z(o) = 7*o + 15 - 4 + 2*o - 2*o. Let d(c) = -6*g(c) + z(c). Calculate d(b).
12
Let t(s) = -s**3 - s**2 + 5*s + 11. Let r(f) = -22*f - 291. Let y be r(-13). What is t(y)?
86
Let y(k) = k**3 - k**2 - k + 6. Let j(b) = 8*b - 102. Let t be j(13). Let c be (-3 + 2)*(6 - 12/t). Determine y(c).
6
Let r(l) = l**3 + 2*l**2 + 24*l + 25. Let g be r(-1). Let c(t) = -8*t - 1. Calculate c(g).
-17
Let n(u) = u**2 + 7*u - 3. Let j = -96 - -99. Suppose -2*x = 2*y + 22, -3*x - 2 = -x - j*y. What is n(x)?
-3
Let l(z) = z**3 - 4*z**2 - 2*z + 8. Suppose 0 = -5*s + 25, -4*r + 4*s - 1 = 3. Let u be l(r). Let p(b) = b**2 + b - 11. Give p(u).
-11
Let r be ((-9)/6)/(63/(-84)). Let o(n) = n**3 + 6*n**2 - 7*n - 7. Le